{"id":367,"date":"2022-11-19T16:17:45","date_gmt":"2022-11-19T15:17:45","guid":{"rendered":"https:\/\/natura-kuverte.com\/?post_type=product&#038;p=367"},"modified":"2026-02-25T14:15:20","modified_gmt":"2026-02-25T13:15:20","slug":"kuverta-13-x-18-cm-iw","status":"publish","type":"product","link":"https:\/\/natura-kuverte.com\/index.php\/proizvod\/kuverta-13-x-18-cm-iw\/","title":{"rendered":"Kuverta 13*18 IW"},"content":{"rendered":"<p>Klasi\u010dna kuverta formata 13*18 cm. Kuverta za pozivnice s mogu\u0107no\u0161\u0107u zatvaranja. Dostupne boje su; bijela, bordo, be\u017e natur, siva mat, crna i druge.<\/p>\n","protected":false},"excerpt":{"rendered":"<h2>Klasi\u010dna kuverta formata 13*18 cm s mogu\u0107no\u0161\u0107u zatvaranja.<\/h2>\n<p>Minimalna koli\u010dina koja se isporu\u010duje je 75 komada.<\/p>\n<p>Informacije o vremenu isporuke, dostavi i na\u010dinu pla\u0107anja mo\u017eete vidjeti <a title=\"INFORMACIJE\" href=\"https:\/\/natura-kuverte.com\/index.php\/informacije\/\">OVDJE<\/a>.<\/p>\n<p><strong>Cijene:<\/strong><br \/>\nbijela kuverta 0,50 EUR<br \/>\nkuverta u boji 0,60 EUR<\/p>\n","protected":false},"featured_media":377,"comment_status":"open","ping_status":"closed","template":"","meta":[],"product_cat":[28,34],"product_tag":[38,30,39],"class_list":{"0":"post-367","1":"product","2":"type-product","3":"status-publish","4":"has-post-thumbnail","6":"product_cat-kuverte","7":"product_cat-svi-proizvodi","8":"product_tag-1318-cm","9":"product_tag-kuverta","10":"product_tag-s-utorom-za-zatvaranje","12":"first","13":"instock","14":"shipping-taxable","15":"purchasable","16":"product-type-variable"},"exclude_global_add_ons":[],"addons":[],"aioseo_notices":[],"_links":{"self":[{"href":"https:\/\/natura-kuverte.com\/index.php\/wp-json\/wp\/v2\/product\/367","targetHints":{"allow":["GET"]}}],"collection":[{"href":"https:\/\/natura-kuverte.com\/index.php\/wp-json\/wp\/v2\/product"}],"about":[{"href":"https:\/\/natura-kuverte.com\/index.php\/wp-json\/wp\/v2\/types\/product"}],"replies":[{"embeddable":true,"href":"https:\/\/natura-kuverte.com\/index.php\/wp-json\/wp\/v2\/comments?post=367"}],"wp:featuredmedia":[{"embeddable":true,"href":"https:\/\/natura-kuverte.com\/index.php\/wp-json\/wp\/v2\/media\/377"}],"wp:attachment":[{"href":"https:\/\/natura-kuverte.com\/index.php\/wp-json\/wp\/v2\/media?parent=367"}],"wp:term":[{"taxonomy":"product_cat","embeddable":true,"href":"https:\/\/natura-kuverte.com\/index.php\/wp-json\/wp\/v2\/product_cat?post=367"},{"taxonomy":"product_tag","embeddable":true,"href":"https:\/\/natura-kuverte.com\/index.php\/wp-json\/wp\/v2\/product_tag?post=367"}],"curies":[{"name":"wp","href":"https:\/\/api.w.org\/{rel}","templated":true}]}}